pose -152*m - n = -157*m. What is the highest common factor of 22 and m?
22
Let r = 13171 + -12981. What is the highest common divisor of 710 and r?
10
Suppose -53 - 31 = 7*v. Let l be (-3*10)/(v/18) - 4. Let k = -30 + 153. What is the greatest common divisor of l and k?
41
Suppose -2*r - 57645 = -28813 - 29012. Let s = 12 - 0. Calculate the greatest common divisor of s and r.
6
Let w(t) = 100*t**2 + 3*t - 3. Let y be w(1). Suppose 0*f - 97 = -5*j - f, -f = -2*j + 43. What is the greatest common divisor of y and j?
20
Suppose -4*d + 61 = -27. Suppose 8*m = 9*m - 5*y - 252, 5*y = -2*m + 474. Calculate the highest common factor of d and m.
22
Let o(t) = 3*t. Let z be o(6). Let j be 185 - 14 - (-3 - -3). Calculate the greatest common factor of z and j.
9
Let y be 11303/(2/3*(-342)/(-228)). What is the highest common divisor of y and 445?
89
Suppose 0 = 14*s - 15*s + 79 + 63. Calculate the highest common factor of s and 9017.
71
Suppose 11 + 6 = n. Suppose -148*t - 252 = -144*t. Let j be 49/14*(-918)/t. What is the highest common factor of j and n?
17
Suppose z = -4*o + 292, -36 + 262 = 3*o - z. Let y = o - 83. Let q be (-97)/y - 4/(-18). What is the greatest common divisor of 11 and q?
11
Let f(v) = v**3 + 6*v**2 - 7*v + 8. Let h be f(-7). Suppose -165 = -13*p + h*p. What is the greatest common divisor of 176 and p?
11
Let d be (-12)/(-30) + -147*4/(-30). Suppose -3*r + 335 = -325. Calculate the greatest common divisor of r and d.
20
Let n be 9*(-14)/(-21) + (-3)/(-1). Let h be 6/126*n + (-543)/(-7). What is the highest common factor of h and 26?
26
Suppose -5*k + 4*t + 425 = 0, 2*t - 255 = -3*k - 0*t. Suppose 67*q = -161*q + 5700. What is the highest common factor of q and k?
5
Let i(l) = 3*l + 10. Let b be i(10). Let v = b + -36. Suppose 0*g + 2*g - 3*a = 22, -33 = -g - v*a. Calculate the highest common factor of g and 34.
17
Let c(a) = a**3 + 51*a**2 - 102*a + 226. Let y be c(-53). Let w = 5 + -2. Suppose w*b - 89 = 16. Calculate the greatest common factor of b and y.
7
Suppose -3*o = -2*n + 3 - 1, -4*o - 2*n + 2 = 0. Suppose o = 38*r - 6*r - 18496. What is the greatest common factor of r and 34?
34
Let b be 22 + (-1 - 0)*2. Let u be (-9)/(-15) + ((-984)/b)/(-3). Calculate the highest common factor of u and 51.
17
Let o = 5577 + -5560. Let v(a) = a**3 - 2*a**2 - 10*a + 11. Let t be v(8). Let j = t + -128. What is the highest common divisor of o and j?
17
Let o be ((-15)/18 - -1) + (-154)/(-12). Suppose 0 = -15*l + 8*l + 2002. What is the highest common divisor of l and o?
13
Let a(o) = o**2 + 102*o - 304. Let f be a(3). Calculate the highest common factor of 3883 and f.
11
Let r = 207 - 206. Calculate the highest common divisor of 317 and r.
1
Suppose -25*a = -3*a - 3630. Suppose 2*m + r - 397 = -22, -a = -m + 4*r. What is the highest common divisor of m and 74?
37
Let o = 15207 - 15063. What is the highest common factor of o and 3402?
18
Suppose -12 - 12 = 3*d. Let r be (-64 - -4)/(-2 + (-10)/d). Suppose 0 = 5*a - a - r. What is the highest common divisor of 60 and a?
20
Suppose -50 = -2*z - 0. Let d = -19006 + 19206. Calculate the greatest common divisor of z and d.
25
Let b = -95 - -173. Suppose 16*f - 654 + b = 0. Let c be 2/4 - (-14)/4. Calculate the highest common factor of f and c.
4
Let k(i) = -587*i + 5437. Let p be k(9). What is the highest common divisor of 165 and p?
11
Let p be (13 + -58)/(-5) + -5. Suppose -10 = b + 5. Let n be (4/6)/((-5)/b). What is the highest common divisor of p and n?
2
Suppose d = 4*r + 19, 2*r + 23 = 5*d - 0*r. Let y be 2 + 292 - (-5 + d). Calculate the greatest common divisor of y and 8.
8
Let z be 118*(9/(-6))/(-3). Let b = 5318 - 5259. What is the highest common factor of z and b?
59
Let t = 110 + -115. Let w(f) = 3*f**2 + 10*f - 11. Let j be w(t). What is the highest common factor of j and 14?
14
Suppose -2*x = -2*k + 158, 3*x = 3*k - 8*k + 435. What is the highest common factor of k and 1036?
28
Let o be (-60)/(-4) + (-4 - (1 + -4)). Suppose -4 = -n - n. Suppose -16 = -3*p + n. Calculate the highest common factor of p and o.
2
Let r be 46/14 + -3 - 2512/(-28). Let h = r - 86. Suppose -b - 48 = -k + h*b, -4*k + b + 249 = 0. What is the highest common divisor of k and 9?
9
Let g = 651 + -264. Let s = g + -309. Calculate the highest common factor of s and 130.
26
Suppose -1407 = 13*s - 4124. Calculate the highest common factor of 551 and s.
19
Let l(p) = p**2 + 7*p + 1. Let k be l(-7). Let s be -7 - (-77 - (3 + -9)). Suppose s*x - 73*x + 27 = 0. What is the greatest common factor of k and x?
1
Suppose -d = d - 10. Let r(l) = 4*l. Let b be r(5). Let q = b - 15. Calculate the highest common divisor of q and d.
5
Let t(s) = 5*s**2 + 135*s + 1705. Let m be t(-17). Calculate the highest common factor of m and 95.
95
Let m(h) = -h**2 - 91*h - 1938. Let i be m(-39). Calculate the greatest common divisor of i and 3285.
45
Suppose 4*f = 11*f + 42. Let o be -28*f/((162/12)/9). What is the greatest common factor of 48 and o?
16
Suppose 2045 = 4*s - 3*q, 0*s + 471 = s + 5*q. Calculate the highest common divisor of s and 66.
22
Let a = -2194 - -2664. Let o(q) = q**2 + 2*q - 4. Let i be o(4). Calculate the highest common divisor of i and a.
10
Suppose 0*a - d = 3*a - 127, 4*d - 200 = -5*a. Calculate the highest common divisor of 1100 and a.
44
Suppose 0 = -31*h + 7115 + 573. Let k(g) = 13*g**2 - 10*g + 18. Let z be k(4). Calculate the greatest common factor of z and h.
62
Let u(a) = a**3 + 5*a**2 - a + 45. Let v be u(-6). Suppose v*p = -6*p + 84. What is the greatest common factor of p and 20?
4
Let d(b) = b**3 - 5*b**2 + 4*b + 1. Let k be d(4). Let p be 135 - (-4 + k)*-1. Suppose 2*r + 825 = 913. Calculate the greatest common divisor of r and p.
44
Suppose -45 + 9 = -40*r + 4. Let f(d) = -d**3 + 7*d**2 + 6*d - 10. Let n be f(7). What is the highest common divisor of r and n?
1
Let x(b) = b**2 - 1170*b + 55. Let d be x(0). Calculate the greatest common divisor of d and 140.
5
Let k = 17487 + -17149. What is the highest common divisor of k and 4563?
169
Let d = 1752 + -1732. Let t = -15 + 25. Let l(a) = -a**3 + 9*a**2 + 12*a - 10. Let n be l(t). What is the greatest common divisor of d and n?
10
Let l(t) = 2*t**3 - 14*t**2 - 73*t - 115. Let x be l(13). What is the highest common divisor of x and 12?
4
Suppose -4*s + 4*c + 21 = c, 0 = -s + 2*c + 9. Let z be 6/18 + 209/s. What is the greatest common factor of z and 14?
14
Let v be (95 - 100)*((-15504)/(-10))/(-3). Calculate the greatest common factor of 17 and v.
17
Suppose -o - a = 2*a - 3, -5*o = -a + 49. Let p be (233 - 5) + (-20)/(-4) + o. Calculate the greatest common divisor of p and 28.
28
Let z = 3728 + -3629. Suppose 0*c + c = 9. Calculate the greatest common factor of z and c.
9
Let u be ((-3)/(-6))/(1/6). Suppose u*f = 8 + 1. Let b be -9*f/((-3)/7). Calculate the greatest common divisor of b and 9.
9
Suppose -3*t + 9 + 3 = s, 4*t - 2*s - 26 = 0. Suppose 64 + 6 = -5*z. Let f be -1*4/z + 8991/259. What is the greatest common factor of t and f?
5
Suppose 494*v - 320 = 486*v. Suppose -1692 = -v*y + 31*y. What is the greatest common factor of 8 and y?
4
Suppose 2250 - 198 = -6*u. Let h be (u/45)/(3/(-60)). Calculate the greatest common factor of h and 8.
8
Suppose 0*p + 117 = 3*p - 3*r, -r - 3 = 0. Let v be ((-126)/(-15))/((p/(-30))/(-3)). What is the highest common divisor of v and 189?
21
Let w be (-1 - -1 - 2) + 21 + 0. Suppose -4*i - 43 = -2*r + w, 5*r - 3*i = 134. What is the highest common factor of r and 25?
25
Let m = 4286 + -3848. What is the greatest common factor of m and 2482?
146
Let r(a) = 3*a**2 - 14*a - 5. Let v be r(8). Let n(q) = -2*q**2 + 39*q + 21. Let c be n(18). Let o = 90 - c. What is the highest common divisor of o and v?
15
Suppose 6*r + 123 = k - 77, -6 = -3*r. Calculate the greatest common factor of k and 5724.
212
Let q be 4/(-6)*(12 + -18). Suppose 0*g = -g - 2*p + 6, -q*g = 4*p - 32. Suppose -12*k + g*k = -66. Calculate the greatest common divisor of k and 3.
3
Suppose -301 = 3*w + 173. Let u = -317 - w. Let b = -26 - u. Calculate the greatest common factor of 19 and b.
19
Suppose -280 + 301 = 7*v. Suppose 0 = v*p - 9, 26 = 65*j - 63*j + 4*p. Calculate the highest common divisor of j and 49.
7
Let c be (0 - -6) + 724 + 8. Let i = 